{"id":1383,"date":"2023-11-14T11:08:36","date_gmt":"2023-11-14T10:08:36","guid":{"rendered":"https:\/\/www.voestalpine.com\/railway-systems\/axlecounting\/?page_id=1383"},"modified":"2025-03-17T13:40:25","modified_gmt":"2025-03-17T12:40:25","slug":"kariera","status":"publish","type":"page","link":"https:\/\/www.voestalpine.com\/railway-systems\/axlecounting\/pl\/kariera\/","title":{"rendered":"Kariera"},"content":{"rendered":"<div class=\"intro  block\"  >\n\t<div class=\"inside\">\n\t\t<div class=\"background\">\n\t\t\t\t\t\t\t\t\t\t<img decoding=\"async\"   src=\"https:\/\/www.voestalpine.com\/railway-systems\/axlecounting\/wp-content\/uploads\/2023\/10\/ATCTeam_Documentation-scaled.jpg\" title=\"ATCTeam_Documentation\"  srcset=\"https:\/\/www.voestalpine.com\/railway-systems\/axlecounting\/wp-content\/uploads\/2023\/10\/ATCTeam_Documentation-scaled.jpg 2560w, https:\/\/www.voestalpine.com\/railway-systems\/axlecounting\/wp-content\/uploads\/2023\/10\/ATCTeam_Documentation-300x200.jpg 300w, https:\/\/www.voestalpine.com\/railway-systems\/axlecounting\/wp-content\/uploads\/2023\/10\/ATCTeam_Documentation-1024x683.jpg 1024w, https:\/\/www.voestalpine.com\/railway-systems\/axlecounting\/wp-content\/uploads\/2023\/10\/ATCTeam_Documentation-768x512.jpg 768w, https:\/\/www.voestalpine.com\/railway-systems\/axlecounting\/wp-content\/uploads\/2023\/10\/ATCTeam_Documentation-1536x1025.jpg 1536w, https:\/\/www.voestalpine.com\/railway-systems\/axlecounting\/wp-content\/uploads\/2023\/10\/ATCTeam_Documentation-2048x1366.jpg 2048w, https:\/\/www.voestalpine.com\/railway-systems\/axlecounting\/wp-content\/uploads\/2023\/10\/ATCTeam_Documentation-450x300.jpg 450w, https:\/\/www.voestalpine.com\/railway-systems\/axlecounting\/wp-content\/uploads\/2023\/10\/ATCTeam_Documentation-900x600.jpg 900w, https:\/\/www.voestalpine.com\/railway-systems\/axlecounting\/wp-content\/uploads\/2023\/10\/ATCTeam_Documentation-1900x1267.jpg 1900w, https:\/\/www.voestalpine.com\/railway-systems\/axlecounting\/wp-content\/uploads\/2023\/10\/ATCTeam_Documentation-1600x1067.jpg 1600w, https:\/\/www.voestalpine.com\/railway-systems\/axlecounting\/wp-content\/uploads\/2023\/10\/ATCTeam_Documentation-1440x961.jpg 1440w, https:\/\/www.voestalpine.com\/railway-systems\/axlecounting\/wp-content\/uploads\/2023\/10\/ATCTeam_Documentation-1200x800.jpg 1200w, https:\/\/www.voestalpine.com\/railway-systems\/axlecounting\/wp-content\/uploads\/2023\/10\/ATCTeam_Documentation-600x400.jpg 600w\" sizes=\"(max-width: 2560px) 100vw, 2560px\"  \/>\r\n\t\t\t\n\t\t\t\t\t<\/div>\n\t\t<div class=\"text-container\">\n\t\t\t<div class=\"inner\">\n\t\t\t\t<div class=\"headline\">Kariera<\/div>\t\t\t\t<div class=\"text\"><p>Do\u0142\u0105cz do naszego zespo\u0142u!<\/p><\/div>\t\t\t<\/div>\n\t\t<\/div>\n\t<\/div>\n<\/div>\r\n\r\n<div class=\"wrap smax_wrap\"  data-unique=\"96561235_3\">\r\n\t\t\t\t<div class=\"smax_headline align_left textalign_left size_38\"data-unique=\"96561235_4\">\r\n\t\t\t<div class=\"el\">\r\n\t\t\tPraca\t\t<\/div>\r\n\t\t\t\t<div class=\"content\"><p>Twoje do\u015bwiadczenie i wiedza b\u0119d\u0105 mia\u0142y kluczowe znaczenie dla naszego dalszego sukcesu. Do\u0142\u0105czaj\u0105c do naszego zespo\u0142u b\u0119dziesz pracowa\u0142 nad innowacyjnymi projektami w Polsce i na \u015bwiecie. Wierzymy, \u017ce to dzi\u0119ki wsp\u00f3\u0142pracy opartej na dobrych relacjach mo\u017cemy razem tworzy\u0107 nowoczesn\u0105 i bezpieczn\u0105 przysz\u0142o\u015b\u0107 bran\u017cy kolejowej.<\/p><p>Poznaj nasze aktualne oferty pracy:<\/p><\/div>\r\n\t<\/div>\r\n\t<div data-unique=\"96561235_5\"  class=\"rsce_button btn_container align_left \">\r\n\t\t<a href=\"https:\/\/www.voestalpine.com\/railway-systems\/axlecounting\/wp-content\/uploads\/2024\/12\/202403_Projektant_Elektronik.pdf\" class=\"linkReverse rsce_button\" >M\u0142odszy\/a Projektant\/ka Elektroniki<\/a>\r\n\t\t\t<\/div>\r\n\r\n\t<div data-unique=\"96561235_6\"  class=\"rsce_button btn_container align_left \">\r\n\t\t<a href=\"https:\/\/www.voestalpine.com\/railway-systems\/axlecounting\/wp-content\/uploads\/2024\/07\/RAMS_Coordinator_202407.pdf\" class=\"linkReverse rsce_button\" >Koordynator\/ka RAMS<\/a>\r\n\t\t\t<\/div>\r\n\r\n\t<\/div>\r\n\r\n<div class=\"wrap smax_wrap\"  data-unique=\"96561235_7\">\r\n\t\t\t\t<div class=\"smax_headline align_left textalign_left size_38\"data-unique=\"96561235_8\">\r\n\t\t\t<div class=\"el\">\r\n\t\t\tSta\u017ce\t\t<\/div>\r\n\t\t\t\t<div class=\"content\"><p>Rozwijaj swoje zainteresowania w czasie studi\u00f3w. Jako cz\u0142onek naszego zespo\u0142u b\u0119dziesz mia\u0142 okazj\u0119 pozna\u0107 nowoczesne rozwi\u0105zania produktowe i organizacj\u0119 firmy, kt\u00f3ra przez ponad 30 lat istnienia zawsze stawia\u0142a rozw\u00f3j na pierwszym miejscu. Cenimy kreatywno\u015b\u0107, umiej\u0119tno\u015b\u0107 rozwi\u0105zywania problem\u00f3w i pasj\u0119 do rozwi\u0105za\u0144 technologicznych.<\/p><p>Poznaj nasze aktualne oferty pracy skierowane do student\u00f3w:<\/p><\/div>\r\n\t<\/div>\r\n\t<a   href=\"https:\/\/www.voestalpine.com\/railway-systems\/axlecounting\/wp-content\/uploads\/2024\/02\/Konserwator_092023-1.pdf\" class=\"linkReverse rsce_button\" >Serwisant \/ Konserwator<\/a>\r\n\r\n\t<\/div>\r\n\r\n","protected":false},"excerpt":{"rendered":"","protected":false},"author":7,"featured_media":0,"parent":0,"menu_order":0,"comment_status":"closed","ping_status":"closed","template":"","meta":{"footnotes":""},"class_list":["post-1383","page","type-page","status-publish","hentry"],"_links":{"self":[{"href":"https:\/\/www.voestalpine.com\/railway-systems\/axlecounting\/wp-json\/wp\/v2\/pages\/1383","targetHints":{"allow":["GET"]}}],"collection":[{"href":"https:\/\/www.voestalpine.com\/railway-systems\/axlecounting\/wp-json\/wp\/v2\/pages"}],"about":[{"href":"https:\/\/www.voestalpine.com\/railway-systems\/axlecounting\/wp-json\/wp\/v2\/types\/page"}],"author":[{"embeddable":true,"href":"https:\/\/www.voestalpine.com\/railway-systems\/axlecounting\/wp-json\/wp\/v2\/users\/7"}],"replies":[{"embeddable":true,"href":"https:\/\/www.voestalpine.com\/railway-systems\/axlecounting\/wp-json\/wp\/v2\/comments?post=1383"}],"version-history":[{"count":35,"href":"https:\/\/www.voestalpine.com\/railway-systems\/axlecounting\/wp-json\/wp\/v2\/pages\/1383\/revisions"}],"predecessor-version":[{"id":1471,"href":"https:\/\/www.voestalpine.com\/railway-systems\/axlecounting\/wp-json\/wp\/v2\/pages\/1383\/revisions\/1471"}],"wp:attachment":[{"href":"https:\/\/www.voestalpine.com\/railway-systems\/axlecounting\/wp-json\/wp\/v2\/media?parent=1383"}],"curies":[{"name":"wp","href":"https:\/\/api.w.org\/{rel}","templated":true}]}}