{"id":477,"date":"2018-10-15T11:17:39","date_gmt":"2018-10-15T09:17:39","guid":{"rendered":"https:\/\/voest.5q.at\/bestelehresteiermark\/?page_id=477"},"modified":"2025-10-06T16:21:27","modified_gmt":"2025-10-06T14:21:27","slug":"metalltechnik-zerspanungstechnik","status":"publish","type":"page","link":"https:\/\/www.voestalpine.com\/bestelehresteiermark\/ausbildungen\/metalltechnik-zerspanungstechnik\/","title":{"rendered":"MT \u2013 Zerspanungstechnik"},"content":{"rendered":"\n\t\t\t\t<img loading=\"lazy\" decoding=\"async\" src=\"https:\/\/www.voestalpine.com\/bestelehresteiermark\/wp-content\/uploads\/2024\/08\/3-metalltechnik-zerspanungstechnik-leonie-huber-header.jpg\" alt=\"3_Metalltechnik_Zerspanungstechnik_Leonie_Huber_Header\" itemprop=\"image\" height=\"950\" width=\"2340\" title=\"3_Metalltechnik_Zerspanungstechnik_Leonie_Huber_Header\" onerror=\"this.style.display='none'\"  \/>\n\t<h2>Lehre Metalltechnik \/ Zerspanungstechnik<\/h2>\n\t<p><img loading=\"lazy\" decoding=\"async\" src=\"..\/..\/wp-content\/uploads\/2018\/10\/Icons_lehrzeit-150x150.png\" alt=\"Lehrzeit\" width=\"100\" height=\"89\" \/><\/p>\n\t<p>Lehrzeit: 3,5 Jahre<\/p>\n\t<h4>Der Job:<\/h4>\n<p>Zerspanungstechniker\/innen beherrschen die \u201espannenden\u201c Fertigungsverfahren wie Drehen, Fr\u00e4sen oder Schleifen.<\/p>\n<h4>Die Aufgabe:<\/h4>\nDein Job ist das Herstellen von runden und prismatischen Teilen auf konventionellen Werkzeugmaschinen und das Erstellen von Fertigungsprogrammen mit Hilfe des Computers. Bauteile verschiedenster Art werden von dir auf CNC-gesteuerten Maschinen hergestellt. Au\u00dferdem lernst du das ebenfalls rechnerunterst\u00fctzte Erfassen von Produktionsund Fertigungsdaten. Das Um<br \/>\nund Auf in der Zerspanungstechnik ist heute der Umgang mit Werkzeugmaschinen, Schneidwerkzeugen und Standardsoftware.\n<h4>Die Voraussetzungen:<\/h4>\n<p>\u00dcberdurchschnittlicher Pflichtschulabschluss, gute Beobachtungsgabe, mathematisches und technisches Verst\u00e4ndnis, geistige Beweglichkeit, Teamf\u00e4higkeit und Bereitschaft zur st\u00e4ndigen Weiterbildung.<\/p>\n\t<p><strong>Spezialisierungen<\/strong><\/p>\n<ul>\n<li>Elektro- und Geb\u00e4udetechnik<\/li>\n<li>Energietechnik<\/li>\n<li>Anlagen- und Betriebstechnik<\/li>\n<li>Automatisierungs- und Prozessleittechnik<\/li>\n<\/ul>\n\t\t<h3><\/h3>\t\t\n\t\t\t<p>\u201eIch bin froh, dass ich mich f\u00fcr den Lehrberuf Zerspanungstechnik entschieden habe, denn ich interessierte mich schon von fr\u00fchester Kindheit an f\u00fcr Maschinen. W\u00e4hrend andere mit Puppen spielten, wollte ich eine Bohrmaschine (f\u00fcr Kinder) haben. Das Arbeiten mit den Maschinen, ob konventionell oder CNC gef\u00e4llt mir noch immer. Ein Pr\u00e4zisionsteil aus einem unscheinbaren Metallblock entstehen zu lassen, ist f\u00fcr mich das Gr\u00f6\u00dfte.&#8221;<\/p>\n<em>&#8211; Yasmina Pichler, voestalpine Wire Austria GmbH<br \/>\n<\/em>\n<hr \/>\n<p>\u201eIch habe mich f\u00fcr eine Lehre als Zerspanungstechnikern entschieden, weil Genauigkeit und Zielstrebigkeit zu meinen F\u00e4higkeiten z\u00e4hlen und ich das in der voestalpine super umsetzen kann.\u201c<\/p>\n<em>&#8211; Kiara Hampl, voestalpine Turnout Technology Zeltweg GmbH<br \/>\n<\/em>\n<hr \/>\n<p>\u201ePr\u00e4zision, Ordnung und Genauigkeit sind in meiner Lehre bei der voestalpine entscheidend und genau diese F\u00e4higkeiten kann ich auch in meiner Freizeit gut einsetzen.\u201c<\/p>\n<em>&#8211; Patrick Amtmann, voestalpine Turnout Technology Zeltweg GmbH<br \/>\n<\/em>\n<hr \/>\n<p>\u201eSowie ich in meiner Freizeit bei der Freiwilligen Feuerwehr nichts anbrennen lasse, so ist es auch in meinem Lehrberuf bei der voestalpine.\u201c<\/p>\n<p><em>&#8211; David Kaltenegger, voestalpine Turnout Technology Zeltweg GmbH<\/em><\/p>\n<hr \/>\n<p>\u201eWenn das Sprichwort \u201eVorsprung durch Technik\u201c stimmt, sind wir Lehrlinge von der voestalpine ganz weit vorne.\u201c<\/p>\n<p><em>&#8211; Simon Langfeld, voestalpine Turnout Technology Zeltweg GmbH<\/em><\/p>\n<hr \/>\n<p>\u201eWas mir an meinem Lehrberuf besonders gef\u00e4llt ist, dass ich sowohl konventionell als auch CNC technisch die M\u00f6glichkeit habe mich weiterzubilden. Ein weiterer positiver Aspekt an meinem Beruf ist die Vielf\u00e4ltigkeit. Durch die Ausbildung in der Lehrwerkst\u00e4tte, wird man gut auf die innerbetrieblichen Arbeiten vorbereitet, sowohl theoretisch als auch praktisch.\u201c<\/p>\n<p><em>&#8211; Christian Schattleitner, voestalpine Tubulars gmbH &amp; Co KG<\/em><\/p>\n<hr \/>\n<p>\u201eIch wollte schon immer etwas in diese Richtung machen. Und dieser Lehrberuf hat mir am meisten zugesagt. Unter den Lehrlingen haben wir untereinander immer einen netten Umgang und im Betrieb herrscht immer ein tolles und nettes Arbeitsklima.\u201c<\/p>\n<p><em>&#8211; Leonie Huber, voestalpine Turnout Technology Zeltweg<\/em><\/p>\n\t<strong>Deine F\u00e4higkeiten<br \/>\n<\/strong>Verantwortungsbewusstsein, mathematisches &amp; technisches Verst\u00e4ndnis,<br \/>\nvernetztes Denken &amp; geistige Beweglichkeit<br \/>\n<img loading=\"lazy\" decoding=\"async\" src=\"https:\/\/www.voestalpine.com\/bestelehresteiermark\/wp-content\/uploads\/2018\/10\/Icons_faehigkeiten_ohnentext_verantwortungsbewusstsein.png\" alt=\"\" width=\"100\" height=\"89\" \/><img loading=\"lazy\" decoding=\"async\" src=\"https:\/\/www.voestalpine.com\/bestelehresteiermark\/wp-content\/uploads\/2018\/10\/Icons_faehigkeiten_ohnentext_-mathematisches_verstaendnis.png\" alt=\"\" width=\"100\" height=\"89\" \/><img loading=\"lazy\" decoding=\"async\" src=\"https:\/\/www.voestalpine.com\/bestelehresteiermark\/wp-content\/uploads\/2018\/10\/Icons_faehigkeiten_ohnentext_vernetztesdenken.png\" alt=\"\" width=\"100\" height=\"89\" \/>\n\t<h2>Dein Einkommen<\/h2>\n<ul>\n<li>1. Lehrjahr: 1.071,00 \u20ac<\/li>\n<li>2. Lehrjahr: 1.295,40 \u20ac<\/li>\n<li>3. Lehrjahr: 1.657,50 \u20ac<\/li>\n<li>4. Lehrjahr: 2.152,20 \u20ac<\/li>\n<\/ul>\n\t<p><a href=\"#\"> Download Factsheet<\/a>\u00a0(<em>Verlinkung folgt)<\/em><\/p>\n<p><img loading=\"lazy\" decoding=\"async\" src=\"\/bestelehresteiermark\/wp-content\/uploads\/2018\/10\/Steiermarkkarte_Standort_Bruckandermur.png\" alt=\"\" width=\"463\" height=\"319\" \/><\/p>\n<p><img loading=\"lazy\" decoding=\"async\" src=\"\/bestelehresteiermark\/wp-content\/uploads\/2018\/10\/Steiermarkkarte_Standort_Kapfenberg.png\" alt=\"\" width=\"463\" height=\"319\" \/><\/p>\n<p><img loading=\"lazy\" decoding=\"async\" src=\"\/bestelehresteiermark\/wp-content\/uploads\/2018\/10\/Steiermarkkarte_Standort_Kindberg.png\" alt=\"\" width=\"463\" height=\"319\" \/><\/p>\n<p><img loading=\"lazy\" decoding=\"async\" src=\"\/bestelehresteiermark\/wp-content\/uploads\/2018\/10\/Steiermarkkarte_Standort_Krieglach.png\" alt=\"\" width=\"463\" height=\"319\" \/><\/p>\n<p><img loading=\"lazy\" decoding=\"async\" src=\"https:\/\/www.voestalpine.com\/bestelehresteiermark\/wp-content\/uploads\/2024\/09\/steiermarkkarte-standort-leoben-donawitz-1.png\" alt=\"\" width=\"463\" height=\"319\" \/><\/p>\n<p><img loading=\"lazy\" decoding=\"async\" src=\"\/bestelehresteiermark\/wp-content\/uploads\/2018\/10\/Steiermarkkarte_Standort_Muerzzuschlag.png\" alt=\"\" width=\"463\" height=\"319\" \/><\/p>\n<p><img loading=\"lazy\" decoding=\"async\" src=\"\/bestelehresteiermark\/wp-content\/uploads\/2018\/10\/Steiermarkkarte_Standort_stpeterfreienstein.png\" alt=\"\" width=\"463\" height=\"319\" \/><\/p>\n<p><img loading=\"lazy\" decoding=\"async\" src=\"\/bestelehresteiermark\/wp-content\/uploads\/2018\/10\/Steiermarkkarte_Standort_Zeltweg.png\" alt=\"\" width=\"463\" height=\"319\" \/><\/p>\n<p><img loading=\"lazy\" decoding=\"async\" src=\"\/bestelehresteiermark\/wp-content\/uploads\/2018\/10\/Steiermarkkarte_Standort.png\" alt=\"\" width=\"463\" height=\"319\" \/><\/p>\n\t<h2>Ausbildungsorte:<\/h2>\n<p>&nbsp;<\/p>\n\tBruck an der Mur \/ voestalpine Wire Austria GmbH<br \/>\n<a href=\"https:\/\/jobs.voestalpine.com\/index.php?ac=jobad&amp;id=19339\">Zur Stellenanzeige im Jobportal<\/a>\nKapfenberg \/ voestalpine B\u00f6hler Welding Austria GmbH<br \/>\n<a href=\"https:\/\/jobs.voestalpine.com\/index.php?ac=jobad&amp;id=19194\">Zur Stellenanzeige im Jobportal<\/a>\nKindberg \/ voestalpine Tubulars GmbH &amp; Co KG<br \/>\n<a href=\"https:\/\/jobs.voestalpine.com\/index.php?ac=jobad&amp;id=19327\">Zur Stellenanzeige im Jobportal<\/a>\nZeltweg \/ voestalpine Turnout Technology Zeltweg GmbH<br \/>\n<a href=\"https:\/\/jobs.voestalpine.com\/index.php?ac=jobad&amp;id=19410\">Zur Stellenanzeige im Jobportal<\/a>\n\t<strong> Du interessierst dich f\u00fcr diese Ausbildung und m\u00f6chtest dich bewerben?<br \/>\n<\/strong>Die Checkliste hilft dir, dich bestm\u00f6glich vorzubereiten.<br \/>\n <a href=\"https:\/\/www.voestalpine.com\/bestelehresteiermark\/#checkliste\">Checkliste<\/a>\n\t<h3>Hast du eine Frage zu diesem Lehrberuf?<\/h3>\n<p>Wir helfen dir gerne weiter.<\/p>\n\t\n<div class=\"wpcf7 no-js\" id=\"wpcf7-f1989-o1\" lang=\"de-DE\" dir=\"ltr\" data-wpcf7-id=\"1989\">\n<div class=\"screen-reader-response\"><p role=\"status\" aria-live=\"polite\" aria-atomic=\"true\"><\/p> <ul><\/ul><\/div>\n<form action=\"\/bestelehresteiermark\/wp-json\/wp\/v2\/pages\/477#wpcf7-f1989-o1\" method=\"post\" class=\"wpcf7-form init\" aria-label=\"Kontaktformular\" novalidate=\"novalidate\" data-status=\"init\">\n<fieldset class=\"hidden-fields-container\"><input type=\"hidden\" name=\"_wpcf7\" value=\"1989\" \/><input type=\"hidden\" name=\"_wpcf7_version\" value=\"6.1.5\" \/><input type=\"hidden\" name=\"_wpcf7_locale\" value=\"de_DE\" \/><input type=\"hidden\" name=\"_wpcf7_unit_tag\" value=\"wpcf7-f1989-o1\" \/><input type=\"hidden\" name=\"_wpcf7_container_post\" value=\"0\" \/><input type=\"hidden\" name=\"_wpcf7_posted_data_hash\" value=\"\" \/>\n<\/fieldset>\n<p>Ich m\u00f6chte mehr wissen \u00fcber den Lehrberuf: <span style=\"font-weight:400;\">MT \u2013 Zerspanungstechnik<\/span>\n<\/p>\n<p><label><span class=\"wpcf7-form-control-wrap\" data-name=\"your-standort\"><select class=\"wpcf7-form-control wpcf7-select wpcf7-validates-as-required\" aria-required=\"true\" aria-invalid=\"false\" name=\"your-standort\"><option value=\"\">Standort w\u00e4hlen<\/option><option value=\"Bruck an der Mur \/ voestalpine Wire Austria GmbH\">Bruck an der Mur \/ voestalpine Wire Austria GmbH<\/option><option value=\"Kapfenberg \/ voestalpine B\u00f6hler Welding Austria GmbH\">Kapfenberg \/ voestalpine B\u00f6hler Welding Austria GmbH<\/option><option value=\"Kindberg \/ voestalpine Tubulars GmbH &amp; Co KG\">Kindberg \/ voestalpine Tubulars GmbH &amp; Co KG<\/option><option value=\"Zeltweg \/ voestalpine Turnout Technology Zeltweg GmbH\">Zeltweg \/ voestalpine Turnout Technology Zeltweg GmbH<\/option><\/select><\/span><\/label>\n<\/p>\n<p><label><span class=\"wpcf7-form-control-wrap\" data-name=\"your-name\"><input size=\"40\" maxlength=\"400\" class=\"wpcf7-form-control wpcf7-text wpcf7-validates-as-required\" aria-required=\"true\" aria-invalid=\"false\" placeholder=\"Vorname Nachname\" value=\"\" type=\"text\" name=\"your-name\" \/><\/span> <\/label>\n<\/p>\n<p><label><span class=\"wpcf7-form-control-wrap\" data-name=\"your-email\"><input size=\"40\" maxlength=\"400\" class=\"wpcf7-form-control wpcf7-email wpcf7-validates-as-required wpcf7-text wpcf7-validates-as-email\" aria-required=\"true\" aria-invalid=\"false\" placeholder=\"Meine E-Mail\" value=\"\" type=\"email\" name=\"your-email\" \/><\/span> <\/label>\n<\/p>\n<p><label><span class=\"wpcf7-form-control-wrap\" data-name=\"your-tel\"><input size=\"40\" maxlength=\"400\" class=\"wpcf7-form-control wpcf7-tel wpcf7-validates-as-required wpcf7-text wpcf7-validates-as-tel\" aria-required=\"true\" aria-invalid=\"false\" placeholder=\"Meine Telefonnummer\" value=\"\" type=\"tel\" name=\"your-tel\" \/><\/span> <\/label>\n<\/p>\n<p><label><span class=\"wpcf7-form-control-wrap\" data-name=\"your-message\"><textarea cols=\"40\" rows=\"10\" maxlength=\"2000\" class=\"wpcf7-form-control wpcf7-textarea\" aria-invalid=\"false\" placeholder=\"Meine Frage\" name=\"your-message\"><\/textarea><\/span> <\/label>\n<\/p>\n<p><label><span class=\"wpcf7-form-control-wrap\" data-name=\"quiz-113\"><label><span class=\"wpcf7-quiz-label\">Wieviel ist 3 + 7<\/span> <input size=\"40\" class=\"wpcf7-form-control wpcf7-quiz\" autocomplete=\"off\" aria-required=\"true\" aria-invalid=\"false\" type=\"text\" name=\"quiz-113\" \/><\/label><input type=\"hidden\" name=\"_wpcf7_quiz_answer_quiz-113\" value=\"a582ac202470fbb15ac42aa9d1d65a60\" \/><\/span><\/label>\n<\/p>\n<p><span class=\"wpcf7-form-control-wrap\" data-name=\"acceptance-20\"><span class=\"wpcf7-form-control wpcf7-acceptance\"><span class=\"wpcf7-list-item\"><label><input type=\"checkbox\" name=\"acceptance-20\" value=\"1\" aria-invalid=\"false\" \/><span class=\"wpcf7-list-item-label\"><span class=\"datenschutzlink\">Ich akzeptiere die <a  href=\"https:\/\/www.voestalpine.com\/bestelehresteiermark\/datenschutz\/\" target=\"_blank\" title=\"Datenschutzbedingungen\">Datenschutzbedingungen<\/a><\/span><\/span><\/label><\/span><\/span><\/span>\n<\/p>\n<p><input class=\"wpcf7-form-control wpcf7-submit has-spinner\" type=\"submit\" value=\"Absenden\" \/><input type=\"reset\" class='button btn btn-primary' \/>\n<\/p><div class=\"wpcf7-response-output\" aria-hidden=\"true\"><\/div>\n<\/form>\n<\/div>\n\n\t<p><strong>Link zur Ausbildung teilen<\/strong><\/p>\n<div class=\"addtoany_shortcode\"><div class=\"a2a_kit a2a_kit_size_32 addtoany_list\" data-a2a-url=\"https:\/\/www.voestalpine.com\/bestelehresteiermark\/ausbildungen\/metalltechnik-zerspanungstechnik\/\" data-a2a-title=\"MT \u2013 Zerspanungstechnik\"><a class=\"a2a_button_facebook\" href=\"https:\/\/www.addtoany.com\/add_to\/facebook?linkurl=https%3A%2F%2Fwww.voestalpine.com%2Fbestelehresteiermark%2Fausbildungen%2Fmetalltechnik-zerspanungstechnik%2F&amp;linkname=MT%20%E2%80%93%20Zerspanungstechnik\" title=\"Facebook\" rel=\"nofollow noopener\" target=\"_blank\"><\/a><a class=\"a2a_button_twitter\" href=\"https:\/\/www.addtoany.com\/add_to\/twitter?linkurl=https%3A%2F%2Fwww.voestalpine.com%2Fbestelehresteiermark%2Fausbildungen%2Fmetalltechnik-zerspanungstechnik%2F&amp;linkname=MT%20%E2%80%93%20Zerspanungstechnik\" title=\"Twitter\" rel=\"nofollow noopener\" target=\"_blank\"><\/a><a class=\"a2a_button_pinterest\" href=\"https:\/\/www.addtoany.com\/add_to\/pinterest?linkurl=https%3A%2F%2Fwww.voestalpine.com%2Fbestelehresteiermark%2Fausbildungen%2Fmetalltechnik-zerspanungstechnik%2F&amp;linkname=MT%20%E2%80%93%20Zerspanungstechnik\" title=\"Pinterest\" rel=\"nofollow noopener\" target=\"_blank\"><\/a><a class=\"a2a_button_whatsapp\" href=\"https:\/\/www.addtoany.com\/add_to\/whatsapp?linkurl=https%3A%2F%2Fwww.voestalpine.com%2Fbestelehresteiermark%2Fausbildungen%2Fmetalltechnik-zerspanungstechnik%2F&amp;linkname=MT%20%E2%80%93%20Zerspanungstechnik\" title=\"WhatsApp\" rel=\"nofollow noopener\" target=\"_blank\"><\/a><a class=\"a2a_button_email\" href=\"https:\/\/www.addtoany.com\/add_to\/email?linkurl=https%3A%2F%2Fwww.voestalpine.com%2Fbestelehresteiermark%2Fausbildungen%2Fmetalltechnik-zerspanungstechnik%2F&amp;linkname=MT%20%E2%80%93%20Zerspanungstechnik\" title=\"Email\" rel=\"nofollow noopener\" target=\"_blank\"><\/a><\/div><\/div>\n","protected":false},"excerpt":{"rendered":"<p>Lehre Metalltechnik \/ Zerspanungstechnik Lehrzeit: 3,5 Jahre Der Job: Zerspanungstechniker\/innen beherrschen die \u201espannenden\u201c Fertigungsverfahren wie Drehen, Fr\u00e4sen oder Schleifen. Die Aufgabe: Dein Job ist das Herstellen von runden und prismatischen Teilen auf konventionellen Werkzeugmaschinen und das Erstellen von Fertigungsprogrammen mit Hilfe des Computers. Bauteile verschiedenster Art werden von dir auf CNC-gesteuerten Maschinen hergestellt. Au\u00dferdem lernst du das ebenfalls rechnerunterst\u00fctzte Erfassen von Produktionsund Fertigungsdaten. Das Um &hellip; <a href=\"https:\/\/www.voestalpine.com\/bestelehresteiermark\/ausbildungen\/metalltechnik-zerspanungstechnik\/\" class=\"more-link\">Continue reading <span class=\"screen-reader-text\">MT \u2013 Zerspanungstechnik<\/span> <span class=\"meta-nav\">&raquo;<\/span><\/a><\/p>\n","protected":false},"author":2,"featured_media":0,"parent":8,"menu_order":0,"comment_status":"closed","ping_status":"closed","template":"page-templates\/full-width.php","meta":{"footnotes":""},"class_list":["post-477","page","type-page","status-publish","hentry"],"_links":{"self":[{"href":"https:\/\/www.voestalpine.com\/bestelehresteiermark\/wp-json\/wp\/v2\/pages\/477","targetHints":{"allow":["GET"]}}],"collection":[{"href":"https:\/\/www.voestalpine.com\/bestelehresteiermark\/wp-json\/wp\/v2\/pages"}],"about":[{"href":"https:\/\/www.voestalpine.com\/bestelehresteiermark\/wp-json\/wp\/v2\/types\/page"}],"author":[{"embeddable":true,"href":"https:\/\/www.voestalpine.com\/bestelehresteiermark\/wp-json\/wp\/v2\/users\/2"}],"replies":[{"embeddable":true,"href":"https:\/\/www.voestalpine.com\/bestelehresteiermark\/wp-json\/wp\/v2\/comments?post=477"}],"version-history":[{"count":78,"href":"https:\/\/www.voestalpine.com\/bestelehresteiermark\/wp-json\/wp\/v2\/pages\/477\/revisions"}],"predecessor-version":[{"id":5330,"href":"https:\/\/www.voestalpine.com\/bestelehresteiermark\/wp-json\/wp\/v2\/pages\/477\/revisions\/5330"}],"up":[{"embeddable":true,"href":"https:\/\/www.voestalpine.com\/bestelehresteiermark\/wp-json\/wp\/v2\/pages\/8"}],"wp:attachment":[{"href":"https:\/\/www.voestalpine.com\/bestelehresteiermark\/wp-json\/wp\/v2\/media?parent=477"}],"curies":[{"name":"wp","href":"https:\/\/api.w.org\/{rel}","templated":true}]}}