{"id":2278,"date":"2021-02-22T15:44:34","date_gmt":"2021-02-22T14:44:34","guid":{"rendered":"https:\/\/www.voestalpine.com\/bestelehresteiermark\/?page_id=2278"},"modified":"2021-04-21T15:00:48","modified_gmt":"2021-04-21T13:00:48","slug":"verantwortung-uebernehmen-und-vom-wissen-profitieren","status":"publish","type":"page","link":"https:\/\/www.voestalpine.com\/bestelehresteiermark\/verantwortung-uebernehmen-und-vom-wissen-profitieren\/","title":{"rendered":"Verantwortung \u00fcbernehmen und vom Wissen profitieren"},"content":{"rendered":"\r\n\t<p>E-Technik aus Passion<\/p>\r\n<h2><strong>Verantwortung \u00fcbernehmen und vom Wissen profitieren<\/strong><\/h2>\r\n<p>Nach ihrem Abschluss an der Landwirtschaftlichen Fachschule fing Christina Johanna Hold aus St. Peter Freienstein die Lehre zur Elektrotechnikerin bei voestalpine Stahl Donawitz an. \u00dcber das Lernen und ihr ungew\u00f6hnliches Hobby \u201eKuhreiten\u201c sprach die 20-J\u00e4hrige mit uns.<\/p>\r\n\t\t\t<img decoding=\"async\" loading='false' src=\"https:\/\/www.voestalpine.com\/bestelehresteiermark\/wp-content\/uploads\/2021\/02\/Freisteller-Christina-Hold-mobile.png\" alt=\"\" \/>\t\t\t\r\n\t\t\t\t<p>\u201eDie Elektrotechnik hat mich von Anfang an gefangengenommen.\u201c<\/p>\r\n<strong>Christina Hold<\/strong><br \/>\r\nElektrotechnikerin im 2. Lehrjahr bei voestalpine Stahl Donawitz GmbH<br \/>\r\n\r\n<img decoding=\"async\" loading='false' src=\"https:\/\/www.voestalpine.com\/bestelehresteiermark\/wp-content\/uploads\/2021\/02\/Freisteller-Christina-Hold-small.png\" alt=\"\" \/>\t\t\t\r\n\t<p>In einer Freistunde erreichen wir Christina. Zum Zeitpunkt des Interviews ist sie noch im Distance Learning und erz\u00e4hlt, dass alles etwas herausfordernder geworden ist, weil viel zu Hause erarbeitet werden muss. Aber sie hat sich mit einer Freundin beim Lernen zusammengetan \u2013 \u201ezu zweit geht\u2019s leichter\u201c. Wissen erweitern ist auch das Stichwort, das BFI-Lehrausbilder Robert Waltritsch mit Christina in Verbindung bringt: Dass sie, wie sie selbst sagt \u201edie Elektrotechnik von Anfang an gefangengenommen\u201c hat, war offensichtlich. \u201e<em>Christina ist engagiert, interessiert, und will alles \u00fcber diesen Lehrberuf wissen. Bei ihr merkt man, dass sie es gewohnt ist, Verantwortung \u00fcbertragen zu bekommen und auch zu \u00fcbernehmen.\u201c <\/em><\/p>\r\n<p><strong>Christina, du bist im 2. Lehrjahr, das hei\u00dft \u2026<\/strong><\/p>\r\n<p>Christina Hold: \u2026 Wir k\u00f6nnen jetzt die Betriebe im \u201eDurchgang\u201c kennenlernen. Stahlwerk, Hochofen, Energiebetrieb und Schiene waren meine Stationen bis jetzt. Man verbringt je Bereich drei Wochen dort, es wird uns alles gezeigt, und wir erledigen auch mit Kolleginnen und Kollegen aktuelle Arbeitsauftr\u00e4ge.<\/p>\r\n<p><strong>Wei\u00dft du schon, was dir am meisten zusagen w\u00fcrde?<\/strong><\/p>\r\n<p>Nein, da lass ich mir noch ein bisschen Zeit.<\/p>\r\n\t\t\t\t<img loading=\"lazy\" decoding=\"async\" src=\"https:\/\/www.voestalpine.com\/bestelehresteiermark\/wp-content\/uploads\/2021\/02\/Christina-Hold_Elektrotechnik.jpg\" alt=\"Christina Hold_Elektrotechnik\" itemprop=\"image\" height=\"1600\" width=\"1200\" title=\"Christina Hold_Elektrotechnik\" onerror=\"this.style.display='none'\"  \/>\r\n\t\t<h3><\/h3>\t\t\r\n\t\t\t<p><em>\u201e<\/em><em>Als E-Techniker ist man auch im wahrsten Sinn des Wortes Handwerker, man muss zum Beispiel mit einer Bohrmaschine umgehen k\u00f6nnen. Es bedarf handwerklicher Grundvoraussetzungen f\u00fcr diesen Beruf \u2013 es geht nicht nur ums Programmieren! Und man braucht Fantasie. Das alles hat Christina erkannt, und sie ist auf dem besten Weg, eine kompetente, verantwortungsbewusste Elektrotechnikerin zu werden.\u201c<\/em><\/p>\r\n<em>&#8211; Lehrlingsausbilder Robert Waltritsch, seit 1990 am BFI<br \/>\r\n<\/em>\r\n\t<p><strong>Ihr habt in St. Peter Freienstein eine Milchwirtschaft.<\/strong><\/p>\r\n<p>Ja, ich habe vor der Lehre die Landwirtschaftliche Fachschule Grottenhof in Graz abgeschlossen. Die Landwirtschaft sehe ich jetzt aber eher als Hobby, und ich unterst\u00fctze meinen Papa gern am Abend im Stall.<\/p>\r\n<p><strong>Apropos Stall &#8211; du hast ein <em>sehr<\/em> un\u00fcbliches und wenig bekanntes Hobby \u2026<\/strong><\/p>\r\n<p>(lacht) Ja, ich bin Kuhreiterin. Schon von Kindheit an bin ich auf Pferden geritten, und da dachte ich mir, warum nicht auf K\u00fchen reiten? Also habe ich zwei unserer K\u00fche erzogen zum Reiten. Beide sind sehr zug\u00e4nglich und haben einen ruhigen, zuverl\u00e4ssigen Charakter. Zuerst habe ich \u201eHelena\u201c und ihre Tocher \u201eHaila\u201c \u2013 sie ist inzwischen 4 Jahre alt &#8211; an einen Sattelgurt gew\u00f6hnt, aber inzwischen lasse ich ihn meistens weg; nicht einmal ein Halfter ist n\u00f6tig. Wenn man das Vertrauen der K\u00fche gewonnen hat, kann man \u00fcber die Stimme und die Stimmlage mit ihnen kommunizieren. Ich konnte sie sogar an die Kutsche gew\u00f6hnen. Voraussetzung ist eine intensive Beziehung. Ich freu mich dar\u00fcber, wenn ich sie rufe, und sie sich nach mir umsehen!<\/p>\r\n<p><strong>Du hast erz\u00e4hlt, dass du in Grottenhof einmal an einem Kreativbewerb teilgenommen hast. <\/strong><\/p>\r\n<p>Ja, man konnte sich aussuchen, was man machen m\u00f6chte. Ich hab mich f\u00fcrs \u201eKuhreiten\u201c entschieden.<\/p>\r\n<p><strong>Kennst du andere Kuhreiter in der Steiermark oder in \u00d6sterreich?<\/strong><\/p>\r\n<p>Auf Instagram habe ich andere gesehen, die regelm\u00e4\u00dfig an Bewerben teilnehmen, aber ich mache nichts mit den K\u00fchen, das ihnen Zwang verursachen w\u00fcrde.<\/p>\r\n\t\t\t\t<img loading=\"lazy\" decoding=\"async\" src=\"https:\/\/www.voestalpine.com\/bestelehresteiermark\/wp-content\/uploads\/2021\/02\/Kuhreiterin_Christina_Hold_INTRA.jpg\" alt=\"Christina hat ein ungew\u00f6hnliches Hobby: &quot;Kuhreiten&quot;. \" itemprop=\"image\" height=\"540\" width=\"716\" title=\"Kuhreiterin_Christina_Hold_INTRA\" onerror=\"this.style.display='none'\"  \/>\r\n\t\tChristina hat ein ungew\u00f6hnliches Hobby: &#8220;Kuhreiten&#8221;. \r\n\t\t\t\t<img decoding=\"async\" src=\"https:\/\/www.voestalpine.com\/bestelehresteiermark\/wp-content\/plugins\/bb-plugin\/img\/pixel.png\" alt=\"\" itemprop=\"image\" onerror=\"this.style.display='none'\"  \/>\r\n\t<h5>Weitere Erfolgsgeschichten<\/h5>\r\n<a href=\"https:\/\/www.voestalpine.com\/bestelehresteiermark\/lehre-mit-leidenschaft\"> Besser im Team<\/a><br \/>\r\n<a href=\"https:\/\/www.voestalpine.com\/bestelehresteiermark\/ausgezeichneter-lehrbetrieb\"> Ausgezeichnete Voraussetzungen<\/a><br \/>\r\n<a href=\"https:\/\/www.voestalpine.com\/bestelehresteiermark\/hierbleiben-weit-kommen\/\"> Hierbleiben, weit kommen<\/a><br \/>\r\n<a href=\"https:\/\/www.voestalpine.com\/bestelehresteiermark\/von-der-lehre-zur-karriere\/\"> Messen mit den Besten<\/a><br \/>\r\n<a href=\"https:\/\/www.voestalpine.com\/bestelehresteiermark\/immer-dort-wo-es-brennt\/\"> Immer dort, wo es brennt<\/a><br \/>\r\n<a href=\"https:\/\/www.voestalpine.com\/bestelehresteiermark\/lehre-fuer-die-zukunft\/\"> Lehre f\u00fcr die Zukunft<\/a><br \/>\r\n<a href=\"https:\/\/www.voestalpine.com\/bestelehresteiermark\/programmierprojektroboterarm\/\"> Programmier-Projekt Roboterarm<\/a><br \/>\r\n<a href=\"https:\/\/www.voestalpine.com\/bestelehresteiermark\/es-gibt-immer-was-zum-zerlegen\/\"> Es gibt immer was zum Zerlegen!<\/a><br \/>\r\n<a href=\"https:\/\/www.voestalpine.com\/bestelehresteiermark\/heavy-metall\/\"> Heavy &#8220;Metall&#8221;<\/a><br \/>\r\n<a href=\"https:\/\/www.voestalpine.com\/bestelehresteiermark\/schutzschilde\/\"> Teamwork f\u00fcr Schutzschilde<\/a><br \/>\r\n<a href=\"https:\/\/www.voestalpine.com\/bestelehresteiermark\/e-technik\/\"> E-Technik<\/a>\r\n<p>&nbsp;<\/p>\r\n<p>&nbsp;<\/p>\r\n\t<p><strong>Link zur Ausbildung teilen<\/strong><\/p>\r\n<div class=\"addtoany_shortcode\"><div class=\"a2a_kit a2a_kit_size_32 addtoany_list\" data-a2a-url=\"https:\/\/www.voestalpine.com\/bestelehresteiermark\/verantwortung-uebernehmen-und-vom-wissen-profitieren\/\" data-a2a-title=\"Verantwortung \u00fcbernehmen und vom Wissen profitieren\"><a class=\"a2a_button_facebook\" href=\"https:\/\/www.addtoany.com\/add_to\/facebook?linkurl=https%3A%2F%2Fwww.voestalpine.com%2Fbestelehresteiermark%2Fverantwortung-uebernehmen-und-vom-wissen-profitieren%2F&amp;linkname=Verantwortung%20%C3%BCbernehmen%20und%20vom%20Wissen%20profitieren\" title=\"Facebook\" rel=\"nofollow noopener\" target=\"_blank\"><\/a><a class=\"a2a_button_twitter\" href=\"https:\/\/www.addtoany.com\/add_to\/twitter?linkurl=https%3A%2F%2Fwww.voestalpine.com%2Fbestelehresteiermark%2Fverantwortung-uebernehmen-und-vom-wissen-profitieren%2F&amp;linkname=Verantwortung%20%C3%BCbernehmen%20und%20vom%20Wissen%20profitieren\" title=\"Twitter\" rel=\"nofollow noopener\" target=\"_blank\"><\/a><a class=\"a2a_button_pinterest\" href=\"https:\/\/www.addtoany.com\/add_to\/pinterest?linkurl=https%3A%2F%2Fwww.voestalpine.com%2Fbestelehresteiermark%2Fverantwortung-uebernehmen-und-vom-wissen-profitieren%2F&amp;linkname=Verantwortung%20%C3%BCbernehmen%20und%20vom%20Wissen%20profitieren\" title=\"Pinterest\" rel=\"nofollow noopener\" target=\"_blank\"><\/a><a class=\"a2a_button_whatsapp\" href=\"https:\/\/www.addtoany.com\/add_to\/whatsapp?linkurl=https%3A%2F%2Fwww.voestalpine.com%2Fbestelehresteiermark%2Fverantwortung-uebernehmen-und-vom-wissen-profitieren%2F&amp;linkname=Verantwortung%20%C3%BCbernehmen%20und%20vom%20Wissen%20profitieren\" title=\"WhatsApp\" rel=\"nofollow noopener\" target=\"_blank\"><\/a><a class=\"a2a_button_email\" href=\"https:\/\/www.addtoany.com\/add_to\/email?linkurl=https%3A%2F%2Fwww.voestalpine.com%2Fbestelehresteiermark%2Fverantwortung-uebernehmen-und-vom-wissen-profitieren%2F&amp;linkname=Verantwortung%20%C3%BCbernehmen%20und%20vom%20Wissen%20profitieren\" title=\"Email\" rel=\"nofollow noopener\" target=\"_blank\"><\/a><\/div><\/div>\r\n","protected":false},"excerpt":{"rendered":"<p>E-Technik aus Passion Verantwortung \u00fcbernehmen und vom Wissen profitieren Nach ihrem Abschluss an der Landwirtschaftlichen Fachschule fing Christina Johanna Hold aus St. Peter Freienstein die Lehre zur Elektrotechnikerin bei voestalpine Stahl Donawitz an. \u00dcber das Lernen und ihr ungew\u00f6hnliches Hobby \u201eKuhreiten\u201c sprach die 20-J\u00e4hrige mit uns. \u201eDie Elektrotechnik hat mich von Anfang an gefangengenommen.\u201c Christina Hold Elektrotechnikerin im 2. Lehrjahr bei voestalpine Stahl Donawitz GmbH &hellip; <a href=\"https:\/\/www.voestalpine.com\/bestelehresteiermark\/verantwortung-uebernehmen-und-vom-wissen-profitieren\/\" class=\"more-link\">Continue reading <span class=\"screen-reader-text\">Verantwortung \u00fcbernehmen und vom Wissen profitieren<\/span> <span class=\"meta-nav\">&raquo;<\/span><\/a><\/p>\n","protected":false},"author":17,"featured_media":0,"parent":0,"menu_order":0,"comment_status":"closed","ping_status":"closed","template":"page-templates\/full-width.php","meta":{"footnotes":""},"class_list":["post-2278","page","type-page","status-publish","hentry"],"_links":{"self":[{"href":"https:\/\/www.voestalpine.com\/bestelehresteiermark\/wp-json\/wp\/v2\/pages\/2278","targetHints":{"allow":["GET"]}}],"collection":[{"href":"https:\/\/www.voestalpine.com\/bestelehresteiermark\/wp-json\/wp\/v2\/pages"}],"about":[{"href":"https:\/\/www.voestalpine.com\/bestelehresteiermark\/wp-json\/wp\/v2\/types\/page"}],"author":[{"embeddable":true,"href":"https:\/\/www.voestalpine.com\/bestelehresteiermark\/wp-json\/wp\/v2\/users\/17"}],"replies":[{"embeddable":true,"href":"https:\/\/www.voestalpine.com\/bestelehresteiermark\/wp-json\/wp\/v2\/comments?post=2278"}],"version-history":[{"count":9,"href":"https:\/\/www.voestalpine.com\/bestelehresteiermark\/wp-json\/wp\/v2\/pages\/2278\/revisions"}],"predecessor-version":[{"id":2555,"href":"https:\/\/www.voestalpine.com\/bestelehresteiermark\/wp-json\/wp\/v2\/pages\/2278\/revisions\/2555"}],"wp:attachment":[{"href":"https:\/\/www.voestalpine.com\/bestelehresteiermark\/wp-json\/wp\/v2\/media?parent=2278"}],"curies":[{"name":"wp","href":"https:\/\/api.w.org\/{rel}","templated":true}]}}