{"id":1362,"date":"2019-03-27T11:02:37","date_gmt":"2019-03-27T10:02:37","guid":{"rendered":"https:\/\/www.voestalpine.com\/bestelehresteiermark\/?page_id=1362"},"modified":"2025-09-25T12:04:38","modified_gmt":"2025-09-25T10:04:38","slug":"von-der-lehre-zur-karriere","status":"publish","type":"page","link":"https:\/\/www.voestalpine.com\/bestelehresteiermark\/von-der-lehre-zur-karriere\/","title":{"rendered":"Von der Lehre zur Karriere"},"content":{"rendered":"\r\n<p>Von der Lehre zur Karriere<\/p>\r\n<h2>Messen mit den Besten<\/h2>\r\n<h3>Wer in der Lehre oder danach richtig durchstarten will, braucht optimale Voraussetzungen. Eine Ausbildung mit allen M\u00f6glichkeiten und modernsten Ger\u00e4ten ist der Grundstein f\u00fcr langfristigen Erfolg.<\/h3>\r\n<p>Aktuelles Fachwissen und die richtige Anwendung haben f\u00fcr uns einen hohen Stellenwert. Deswegen stellen wir unser gesamtes Know-how und die modernste Ausr\u00fcstung allen Lehrlingen zur Verf\u00fcgung. 3D-Drucker, computergesteuerte CNC-Fr\u00e4sen und eine eigene TrainingsAREA zur praxisnahen Themenvermittlung und Projektarbeiten warten auf ihren Einsatz. Durch die praxisbezogene Lehre sind wir als Hightech-Konzern f\u00fcr die Zukunft einfach besser ger\u00fcstet. Egal, welche Anforderung unsere Kunden haben, wir stellen uns regelm\u00e4\u00dfig den neuen Herausforderungen.<\/p>\r\n<p>Unser einzigartiges Arbeitsklima, gute Bezahlung und viele M\u00f6glichkeiten im Weltkonzern sorgen daf\u00fcr, dass der Gro\u00dfteil der Lehrlinge nach der Abschlusspr\u00fcfung hier auch seine Karriere startet.<\/p>\r\n<p><strong>Die richtige Herausforderung f\u00fcr die Besten<br \/><\/strong>F\u00fcr die AusbildnerInnen im Betrieb ist das F\u00f6rdern der Talente von entscheidender Bedeutung. Individuell kann jeder so in der Lehre seine St\u00e4rken ausspielen oder bisher ungeahnte F\u00e4higkeiten entdecken. Das hohe Niveau der Ausbildung zeigt sich immer wieder in zahlreichen Erfolgen bei Berufswettbewerben. In kurzer Zeit m\u00fcssen hier knifflige Aufgaben gel\u00f6st werden, die Gewinner brauchen alle gelernten F\u00e4higkeiten und zus\u00e4tzlich ausreichend Nervenst\u00e4rke. Hier kann man alles einsetzen, was man in der Lehre gelernt hat. <strong>Gewinner Lehrlingswettbewerbe<br \/><\/strong>Die steirischen Erfolge k\u00f6nnen sich sehen lassen. Regelm\u00e4\u00dfig stehen Mitarbeiter der voestalpine auf den Siegerpodesten der Wettbewerbe. Wer es einmal erlebt hat, kann zu Recht stolz auf die Leistung sein.<\/p>\r\n<h3><span style=\"color: #0082b4;\">3. Platz bei den AustrianSkills in Salzburg 2018<br \/>Lukas Karpf <\/span><\/h3>\r\n<p><img decoding=\"async\" src=\"https:\/\/www.voestalpine.com\/bestelehresteiermark\/wp-content\/uploads\/2019\/03\/Erfolgsgeschichten_Lukas-Karpf_mobil.png\" alt=\"\" \/><\/p>\r\n<p>\u201eIch bin gl\u00fccklich mit meiner Berufswahl. Wer handwerklich geschickt ist, schnell lernt und auch mal durchbei\u00dfen kann, wird es hier sicher weit bringen.\u201c<\/p>\r\n<p><strong>Lukas Karpf<\/strong><br \/>Bronze AustrianSkills 2018<br \/>Maschinenbautechniker, voestalpine Stahl Donawitz GmbH<br \/><img decoding=\"async\" src=\"https:\/\/www.voestalpine.com\/bestelehresteiermark\/wp-content\/uploads\/2019\/03\/VA_Microsite_Testimonials_Lukas-Karpf.png\" alt=\"\" \/> <img loading=\"lazy\" decoding=\"async\" title=\"ORF_Lehrlingsdreh_5680\" src=\"https:\/\/www.voestalpine.com\/bestelehresteiermark\/wp-content\/uploads\/2019\/03\/ORF_Lehrlingsdreh_5680.jpg\" alt=\"ORF_Lehrlingsdreh_5680\" width=\"1920\" height=\"2880\" \/><\/p>\r\n<p>Einen Spitzenerfolg konnte Lukas Karpf bei den \u00f6sterreichweiten AustrianSkills f\u00fcr sich verbuchen. Insgesamt 400 TeilnehmerInnen in 39 Berufen k\u00e4mpften um Siege in ihren jeweiligen Ausbildungsberufen. Der Maschinenbautechniker der voestalpine Stahl Donawitz holte sich im 4. Lehrjahr im Wettbewerb den 3. Platz in die Steiermark. Mit der Fertigung einer Bohrinsel am 1. Tag und weiteren Aufgaben am 2. Tag war die Fertigungszeit mit nur 22 Stunden sehr sportlich bemessen. In solchen Momenten zeigt sich: Die gute Lehre und das intensive Training haben sich voll ausgezahlt.<\/p>\r\n<p><img decoding=\"async\" src=\"https:\/\/www.voestalpine.com\/bestelehresteiermark\/wp-content\/uploads\/2019\/02\/Erfolgsgeschichten_Markus_Heuratschek_mobil.png\" alt=\"\" \/><\/p>\r\n<p>Das Level war extrem hoch, das macht die Leistung von Lukas noch wertvoller. Wir sind stolz auf ihn.\u201c<\/p>\r\n<p><strong>Markus Heuratschek<\/strong><br \/>Lehrlingsbeauftragter, voestalpine Stahl Donawitz GmbH<br \/><img decoding=\"async\" src=\"https:\/\/www.voestalpine.com\/bestelehresteiermark\/wp-content\/uploads\/2019\/01\/VA_Microsite_Testimonials_Markus-Heuratschek.png\" alt=\"\" \/><\/p>\r\n<h5>Weitere Erfolgsgeschichten<\/h5>\r\n<p><a href=\"https:\/\/www.voestalpine.com\/bestelehresteiermark\/\/lehre-mit-leidenschaft\/\"> Besser im Team<\/a><br \/><a href=\"https:\/\/www.voestalpine.com\/bestelehresteiermark\/lehre-fuer-die-zukunft\"> Lehre f\u00fcr die Zukunft<\/a><br \/><a href=\"https:\/\/www.voestalpine.com\/bestelehresteiermark\/ausgezeichneter-lehrbetrieb\"> Ausgezeichnete Voraussetzungen<\/a><br \/><a href=\"https:\/\/www.voestalpine.com\/bestelehresteiermark\/hierbleiben-weit-kommen\/\"> Hierbleiben, weit kommen<\/a><br \/><a href=\"https:\/\/www.voestalpine.com\/bestelehresteiermark\/immer-dort-wo-es-brennt\/\"> Immer dort, wo es brennt<\/a><br \/><a href=\"https:\/\/www.voestalpine.com\/bestelehresteiermark\/programmierprojektroboterarm\/\"> Programmier-Projekt Roboterarm<\/a><br \/><a href=\"https:\/\/www.voestalpine.com\/bestelehresteiermark\/es-gibt-immer-was-zum-zerlegen\/\"> Es gibt immer was zum Zerlegen!<\/a><br \/><a href=\"https:\/\/www.voestalpine.com\/bestelehresteiermark\/heavy-metall\/\"> Heavy &#8220;Metall&#8221;<\/a><br \/><a href=\"https:\/\/www.voestalpine.com\/bestelehresteiermark\/e-technik\/\"> E-Technik<\/a><br \/><a href=\"https:\/\/www.voestalpine.com\/bestelehresteiermark\/schutzschilde\/\"> Teamwork f\u00fcr Schutzschilde<\/a><br \/><a href=\"https:\/\/www.voestalpine.com\/bestelehresteiermark\/perspektive-lehre\/\"> Mehr Perspektive mit Lehre<\/a><\/p>\r\n<p><strong>Link zur Ausbildung teilen<\/strong><\/p>\r\n<div class=\"addtoany_shortcode\"><div class=\"a2a_kit a2a_kit_size_32 addtoany_list\" data-a2a-url=\"https:\/\/www.voestalpine.com\/bestelehresteiermark\/von-der-lehre-zur-karriere\/\" data-a2a-title=\"Von der Lehre zur Karriere\"><a class=\"a2a_button_facebook\" href=\"https:\/\/www.addtoany.com\/add_to\/facebook?linkurl=https%3A%2F%2Fwww.voestalpine.com%2Fbestelehresteiermark%2Fvon-der-lehre-zur-karriere%2F&amp;linkname=Von%20der%20Lehre%20zur%20Karriere\" title=\"Facebook\" rel=\"nofollow noopener\" target=\"_blank\"><\/a><a class=\"a2a_button_twitter\" href=\"https:\/\/www.addtoany.com\/add_to\/twitter?linkurl=https%3A%2F%2Fwww.voestalpine.com%2Fbestelehresteiermark%2Fvon-der-lehre-zur-karriere%2F&amp;linkname=Von%20der%20Lehre%20zur%20Karriere\" title=\"Twitter\" rel=\"nofollow noopener\" target=\"_blank\"><\/a><a class=\"a2a_button_pinterest\" href=\"https:\/\/www.addtoany.com\/add_to\/pinterest?linkurl=https%3A%2F%2Fwww.voestalpine.com%2Fbestelehresteiermark%2Fvon-der-lehre-zur-karriere%2F&amp;linkname=Von%20der%20Lehre%20zur%20Karriere\" title=\"Pinterest\" rel=\"nofollow noopener\" target=\"_blank\"><\/a><a class=\"a2a_button_whatsapp\" href=\"https:\/\/www.addtoany.com\/add_to\/whatsapp?linkurl=https%3A%2F%2Fwww.voestalpine.com%2Fbestelehresteiermark%2Fvon-der-lehre-zur-karriere%2F&amp;linkname=Von%20der%20Lehre%20zur%20Karriere\" title=\"WhatsApp\" rel=\"nofollow noopener\" target=\"_blank\"><\/a><a class=\"a2a_button_email\" href=\"https:\/\/www.addtoany.com\/add_to\/email?linkurl=https%3A%2F%2Fwww.voestalpine.com%2Fbestelehresteiermark%2Fvon-der-lehre-zur-karriere%2F&amp;linkname=Von%20der%20Lehre%20zur%20Karriere\" title=\"Email\" rel=\"nofollow noopener\" target=\"_blank\"><\/a><\/div><\/div>\r\n","protected":false},"excerpt":{"rendered":"<p>Von der Lehre zur Karriere Messen mit den Besten Wer in der Lehre oder danach richtig durchstarten will, braucht optimale Voraussetzungen. Eine Ausbildung mit allen M\u00f6glichkeiten und modernsten Ger\u00e4ten ist der Grundstein f\u00fcr langfristigen Erfolg. Aktuelles Fachwissen und die richtige Anwendung haben f\u00fcr uns einen hohen Stellenwert. Deswegen stellen wir unser gesamtes Know-how und die modernste Ausr\u00fcstung allen Lehrlingen zur Verf\u00fcgung. 3D-Drucker, computergesteuerte CNC-Fr\u00e4sen und &hellip; <a href=\"https:\/\/www.voestalpine.com\/bestelehresteiermark\/von-der-lehre-zur-karriere\/\" class=\"more-link\">Continue reading <span class=\"screen-reader-text\">Von der Lehre zur Karriere<\/span> <span class=\"meta-nav\">&raquo;<\/span><\/a><\/p>\n","protected":false},"author":2,"featured_media":0,"parent":0,"menu_order":0,"comment_status":"closed","ping_status":"closed","template":"page-templates\/full-width.php","meta":{"footnotes":""},"class_list":["post-1362","page","type-page","status-publish","hentry"],"_links":{"self":[{"href":"https:\/\/www.voestalpine.com\/bestelehresteiermark\/wp-json\/wp\/v2\/pages\/1362","targetHints":{"allow":["GET"]}}],"collection":[{"href":"https:\/\/www.voestalpine.com\/bestelehresteiermark\/wp-json\/wp\/v2\/pages"}],"about":[{"href":"https:\/\/www.voestalpine.com\/bestelehresteiermark\/wp-json\/wp\/v2\/types\/page"}],"author":[{"embeddable":true,"href":"https:\/\/www.voestalpine.com\/bestelehresteiermark\/wp-json\/wp\/v2\/users\/2"}],"replies":[{"embeddable":true,"href":"https:\/\/www.voestalpine.com\/bestelehresteiermark\/wp-json\/wp\/v2\/comments?post=1362"}],"version-history":[{"count":19,"href":"https:\/\/www.voestalpine.com\/bestelehresteiermark\/wp-json\/wp\/v2\/pages\/1362\/revisions"}],"predecessor-version":[{"id":5257,"href":"https:\/\/www.voestalpine.com\/bestelehresteiermark\/wp-json\/wp\/v2\/pages\/1362\/revisions\/5257"}],"wp:attachment":[{"href":"https:\/\/www.voestalpine.com\/bestelehresteiermark\/wp-json\/wp\/v2\/media?parent=1362"}],"curies":[{"name":"wp","href":"https:\/\/api.w.org\/{rel}","templated":true}]}}